 when 8988 is divided by 502?
454
What is the remainder when 4901 is divided by 213?
2
Calculate the remainder when 20607 is divided by 33.
15
Calculate the remainder when 424184 is divided by 3.
2
What is the remainder when 1837 is divided by 888?
61
What is the remainder when 9833 is divided by 851?
472
Calculate the remainder when 25783 is divided by 582.
175
What is the remainder when 7780 is divided by 719?
590
What is the remainder when 14359 is divided by 388?
3
Calculate the remainder when 1864 is divided by 193.
127
Calculate the remainder when 31165 is divided by 2867.
2495
What is the remainder when 1520 is divided by 18?
8
What is the remainder when 10286 is divided by 922?
144
What is the remainder when 2348 is divided by 291?
20
Calculate the remainder when 9188 is divided by 3037.
77
Calculate the remainder when 29606 is divided by 9.
5
What is the remainder when 539382 is divided by 165?
162
What is the remainder when 84670 is divided by 227?
226
Calculate the remainder when 562668 is divided by 619.
616
Calculate the remainder when 11571 is divided by 524.
43
What is the remainder when 282705 is divided by 85?
80
What is the remainder when 91294 is divided by 91284?
10
What is the remainder when 144 is divided by 32?
16
What is the remainder when 1879 is divided by 313?
1
Calculate the remainder when 22306 is divided by 1238.
22
Calculate the remainder when 6090 is divided by 553.
7
What is the remainder when 11032 is divided by 45?
7
Calculate the remainder when 68149 is divided by 5.
4
What is the remainder when 2486 is divided by 15?
11
What is the remainder when 32286 is divided by 32?
30
What is the remainder when 2771 is divided by 217?
167
Calculate the remainder when 8148 is divided by 3616.
916
What is the remainder when 2353 is divided by 52?
13
What is the remainder when 517315 is divided by 289?
5
Calculate the remainder when 2185 is divided by 418.
95
Calculate the remainder when 7496 is divided by 857.
640
Calculate the remainder when 49918 is divided by 16538.
304
What is the remainder when 40097 is divided by 8018?
7
What is the remainder when 601468 is divided by 205?
203
What is the remainder when 9533 is divided by 40?
13
What is the remainder when 28373 is divided by 369?
329
Calculate the remainder when 30142 is divided by 1498.
182
What is the remainder when 4182 is divided by 1861?
460
Calculate the remainder when 116999 is divided by 150.
149
What is the remainder when 2229182 is divided by 11?
10
What is the remainder when 391391 is divided by 21?
14
What is the remainder when 969 is divided by 242?
1
Calculate the remainder when 7102 is divided by 136.
30
What is the remainder when 19816 is divided by 6598?
22
Calculate the remainder when 3517 is divided by 248.
45
Calculate the remainder when 521 is divided by 84.
17
Calculate the remainder when 27371 is divided by 94.
17
What is the remainder when 64144 is divided by 44?
36
Calculate the remainder when 86093 is divided by 8.
5
What is the remainder when 96949 is divided by 8077?
25
Calculate the remainder when 93123 is divided by 29.
4
Calculate the remainder when 5475 is divided by 1367.
7
What is the remainder when 1954 is divided by 1795?
159
Calculate the remainder when 2399 is divided by 781.
56
What is the remainder when 441 is divided by 279?
162
What is the remainder when 1367 is divided by 339?
11
Calculate the remainder when 1418 is divided by 505.
408
What is the remainder when 174734 is divided by 326?
324
What is the remainder when 239212 is divided by 81?
19
What is the remainder when 1883 is divided by 680?
523
What is the remainder when 13806 is divided by 1747?
1577
What is the remainder when 141549 is divided by 28308?
9
Calculate the remainder when 154400 is divided by 538.
532
What is the remainder when 31381 is divided by 63?
7
Calculate the remainder when 1688 is divided by 255.
158
Calculate the remainder when 9626 is divided by 13.
6
Calculate the remainder when 143713 is divided by 15967.
10
What is the remainder when 2224 is divided by 956?
312
Calculate the remainder when 339854 is divided by 677.
0
Calculate the remainder when 58195 is divided by 3636.
19
Calculate the remainder when 3342 is divided by 19.
17
What is the remainder when 236 is divided by 28?
12
What is the remainder when 167323 is divided by 474?
1
Calculate the remainder when 2572 is divided by 1226.
120
What is the remainder when 15823 is divided by 4929?
1036
What is the remainder when 2122 is divided by 2055?
67
What is the remainder when 251632 is divided by 25161?
22
Calculate the remainder when 20461 is divided by 273.
259
What is the remainder when 1505 is divided by 47?
1
Calculate the remainder when 382923 is divided by 7.
2
What is the remainder when 107314 is divided by 340?
214
Calculate the remainder when 29781 is divided by 408.
405
What is the remainder when 14350 is divided by 3580?
30
Calculate the remainder when 2806708 is divided by 2447.
2446
Calculate the remainder when 244883 is divided by 122439.
5
What is the remainder when 6478 is divided by 1770?
1168
What is the remainder when 3149 is divided by 852?
593
Calculate the remainder when 11491 is divided by 2868.
19
Calculate the remainder when 60016 is divided by 2138.
152
Calculate the remainder when 81862 is divided by 40928.
6
Calculate the remainder when 1434008 is divided by 478001.
5
What is the remainder when 151273 is divided by 61?
54
What is the remainder when 8513 is divided by 22?
21
Calculate the remainder when 7115 is divided by 1175.
65
What is the remainder when 13628 is divided by 2094?
1064
Calculate the remainder when 1253 is divided by 56.
21
Calculate the remainder when 20696 is divided by 20.
16
What is the remainder when 17791 is divided by 741?
7
What is the remainder when 335659 is divided by 13?
12
Calculate the remainder when 20690 is divided by 28.
26
What is the remainder when 196 is divided by 179?
17
What is the remainder when 3399 is divided by 1704?
1695
What is the remainder when 337058 is divided by 168529?
0
What is the remainder when 91183 is divided by 278?
277
Calculate the remainder when 136569 is divided by 19.
16
What is the remainder when 2054 is divided by 507?
26
What is the remainder when 858311 is divided by 34?
15
What is the remainder when 9072 is divided by 3016?
24
Calculate the remainder when 129330 is divided by 1106.
1034
Calculate the remainder when 2301 is divided by 2179.
122
What is the remainder when 20670 is divided by 1883?
1840
Calculate the remainder when 9493 is divided by 2992.
517
Calculate the remainder when 1415 is divided by 448.
71
What is the remainder when 420327 is divided by 28?
19
What is the remainder when 255983 is divided by 22?
13
What is the remainder when 163198 is divided by 16319?
8
What is the remainder when 110077 is divided by 524?
37
What is the remainder when 288605 is divided by 32?
29
Calculate the remainder when 5063 is divided by 2954.
2109
Calculate the remainder when 10596 is divided by 100.
96
What is the remainder when 10199 is divided by 58?
49
What is the remainder when 5787 is divided by 1926?
9
Calculate the remainder when 271 is divided by 41.
25
Calculate the remainder when 44767 is divided by 11.
8
What is the remainder when 1580 is divided by 259?
26
What is the remainder when 19425 is divided by 79?
70
What is the remainder when 2722 is divided by 12?
10
What is the remainder when 14820 is divided by 2464?
36
What is the remainder when 18800 is divided by 3608?
760
What is the remainder when 2115 is divided by 12?
3
Calculate the remainder when 44695 is divided by 22.
13
Calculate the remainder when 843897 is divided by 58.
55
What is the remainder when 101528 is divided by 55?
53
Calculate the remainder when 797 is divided by 568.
229
What is the remainder when 772 is divided by 345?
82
What is the remainder when 412618 is divided by 130?
128
Calculate the remainder when 55957 is divided by 68.
61
Calculate the remainder when 2666 is divided by 65.
1
What is the remainder when 33417 is divided by 86?
49
What is the remainder when 61626 is divided by 38?
28
What is the remainder when 26085 is divided by 12?
9
Calculate the remainder when 5834 is divided by 1165.
9
What is th